 166623 is divided by 41?
40
What is the remainder when 30905 is divided by 86?
31
What is the remainder when 82548 is divided by 189?
144
What is the remainder when 43063 is divided by 10761?
19
What is the remainder when 33196 is divided by 166?
162
What is the remainder when 765 is divided by 381?
3
Calculate the remainder when 25762 is divided by 12877.
8
What is the remainder when 1108 is divided by 1104?
4
Calculate the remainder when 3885118 is divided by 96.
94
Calculate the remainder when 2626 is divided by 144.
34
Calculate the remainder when 182648 is divided by 26.
24
What is the remainder when 12666 is divided by 4181?
123
What is the remainder when 245871 is divided by 281?
277
What is the remainder when 205657 is divided by 115?
37
Calculate the remainder when 3052 is divided by 633.
520
What is the remainder when 1792 is divided by 909?
883
What is the remainder when 89749 is divided by 1122?
1111
Calculate the remainder when 848846 is divided by 1001.
999
What is the remainder when 7374 is divided by 1842?
6
What is the remainder when 692 is divided by 3?
2
What is the remainder when 494763 is divided by 528?
27
What is the remainder when 77949 is divided by 64?
61
What is the remainder when 510 is divided by 162?
24
What is the remainder when 9781 is divided by 1899?
286
Calculate the remainder when 707079 is divided by 220.
219
What is the remainder when 9094 is divided by 8972?
122
Calculate the remainder when 540431 is divided by 1958.
23
What is the remainder when 129410 is divided by 125?
35
What is the remainder when 5075 is divided by 1689?
8
What is the remainder when 53053 is divided by 97?
91
Calculate the remainder when 619 is divided by 285.
49
What is the remainder when 87308 is divided by 408?
404
What is the remainder when 1008639 is divided by 512?
511
Calculate the remainder when 18393 is divided by 200.
193
What is the remainder when 455868 is divided by 227933?
2
Calculate the remainder when 280 is divided by 60.
40
Calculate the remainder when 188434 is divided by 74.
30
What is the remainder when 17919 is divided by 112?
111
Calculate the remainder when 5539 is divided by 77.
72
Calculate the remainder when 1902 is divided by 316.
6
What is the remainder when 2460 is divided by 1924?
536
What is the remainder when 8386 is divided by 524?
2
What is the remainder when 150092 is divided by 55?
52
Calculate the remainder when 1953766 is divided by 24.
22
Calculate the remainder when 66078 is divided by 2278.
16
Calculate the remainder when 320 is divided by 146.
28
Calculate the remainder when 15939 is divided by 6.
3
Calculate the remainder when 352822 is divided by 4900.
22
What is the remainder when 18659 is divided by 4?
3
Calculate the remainder when 80782 is divided by 40383.
16
What is the remainder when 7075 is divided by 1760?
35
What is the remainder when 525 is divided by 147?
84
What is the remainder when 5020 is divided by 78?
28
Calculate the remainder when 1224 is divided by 61.
4
What is the remainder when 491751 is divided by 11?
7
Calculate the remainder when 63563 is divided by 37.
34
Calculate the remainder when 18173 is divided by 4540.
13
Calculate the remainder when 18012 is divided by 63.
57
What is the remainder when 79785 is divided by 135?
0
Calculate the remainder when 267965 is divided by 316.
313
Calculate the remainder when 112442 is divided by 111.
110
What is the remainder when 65867 is divided by 1317?
17
What is the remainder when 90096 is divided by 50?
46
What is the remainder when 32631 is divided by 595?
501
Calculate the remainder when 3641 is divided by 769.
565
What is the remainder when 14429 is divided by 4580?
689
What is the remainder when 1441 is divided by 683?
75
What is the remainder when 95830 is divided by 15?
10
What is the remainder when 75500 is divided by 370?
20
What is the remainder when 178442 is divided by 10496?
10
Calculate the remainder when 3865 is divided by 3.
1
What is the remainder when 184 is divided by 41?
20
Calculate the remainder when 4369 is divided by 1391.
196
What is the remainder when 34515 is divided by 60?
15
What is the remainder when 56827 is divided by 56822?
5
Calculate the remainder when 2408 is divided by 2.
0
Calculate the remainder when 4301 is divided by 87.
38
What is the remainder when 3847 is divided by 29?
19
Calculate the remainder when 13725071 is divided by 22.
19
Calculate the remainder when 2014 is divided by 1002.
10
Calculate the remainder when 41804 is divided by 220.
4
Calculate the remainder when 14592 is divided by 568.
392
Calculate the remainder when 2178 is divided by 30.
18
What is the remainder when 38292 is divided by 26?
20
What is the remainder when 83171 is divided by 3080?
11
Calculate the remainder when 1333823 is divided by 793.
790
What is the remainder when 440219 is divided by 174?
173
Calculate the remainder when 36432 is divided by 105.
102
What is the remainder when 1166 is divided by 1166?
0
What is the remainder when 164536 is divided by 95?
91
Calculate the remainder when 13913 is divided by 199.
182
Calculate the remainder when 130903 is divided by 265.
258
Calculate the remainder when 180261 is divided by 1073.
1070
Calculate the remainder when 1137 is divided by 37.
27
What is the remainder when 3305 is divided by 118?
1
What is the remainder when 323894 is divided by 2745?
2729
What is the remainder when 22954 is divided by 5648?
362
What is the remainder when 38629 is divided by 15?
4
Calculate the remainder when 244185 is divided by 189.
186
What is the remainder when 49559 is divided by 210?
209
Calculate the remainder when 35814 is divided by 148.
146
What is the remainder when 76996 is divided by 19244?
20
What is the remainder when 7438 is divided by 1826?
134
Calculate the remainder when 12015 is divided by 27.
0
Calculate the remainder when 2566 is divided by 789.
199
What is the remainder when 1810 is divided by 1237?
573
Calculate the remainder when 1138575 is divided by 14.
11
Calculate the remainder when 910 is divided by 82.
8
What is the remainder when 115307 is divided by 57634?
39
What is the remainder when 515394 is divided by 85899?
0
What is the remainder when 2493 is divided by 1236?
21
Calculate the remainder when 113997 is divided by 400.
397
What is the remainder when 5820 is divided by 182?
178
Calculate the remainder when 18400 is divided by 14.
4
Calculate the remainder when 16761 is divided by 34.
33
Calculate the remainder when 49840 is divided by 923.
921
Calculate the remainder when 520 is divided by 68.
44
What is the remainder when 115799 is divided by 9?
5
What is the remainder when 661936 is divided by 460?
456
Calculate the remainder when 12136 is divided by 53.
52
Calculate the remainder when 3726 is divided by 1816.
94
Calculate the remainder when 126420 is divided by 29.
9
Calculate the remainder when 33021 is divided by 826.
807
What is the remainder when 95328 is divided by 95328?
0
Calculate the remainder when 9864 is divided by 3104.
552
Calculate the remainder when 58811 is divided by 14.
11
Calculate the remainder when 171808 is divided by 23.
21
What is the remainder when 13482 is divided by 5?
2
What is the remainder when 38182 is divided by 126?
4
What is the remainder when 6333 is divided by 72?
69
Calculate the remainder when 7212 is divided by 218.
18
What is the remainder when 11145 is divided by 24?
9
Calculate the remainder when 7800 is divided by 339.
3
Calculate the remainder when 29918 is divided by 35.
28
Calculate the remainder when 42911 is divided by 12.
11
What is the remainder when 81334 is divided by 255?
244
What is the remainder when 8777 is divided by 16?
9
What is the remainder when 97773 is divided by 32591?
0
Calculate the remainder when 4503 is divided by 14.
9
What is the remainder when 69674 is divided by 43?
14
Calculate the remainder when 34750 is divided by 208.
14
What is the remainder when 20903 is divided by 909?
905
What is the remainder when 756 is divided by 62?
12
What is the remainder when 28184 is divided by 1048?
936
What is the remainder when 290 is divided by 271?
19
What is the remainder when 2655 is divided by 157?
143
What is the remainder when 2105351 is divided by 162?
161
Calculate the 